- -91) + -17 - 7)?
-85
What is the value of -35 - (65 + -114) - -71?
85
(149 - 63 - 79) + (4 - (4 + (-14 - -1)))
20
-1 + -11 - (-1474 + 1481) - 29
-48
Evaluate (8 + 51 - 60) + 45.
44
What is the value of -4 + -1 + (62 - 185) + (5 - 23) + 11?
-135
What is the value of 0 + 5 - (-21 + 41 - 34 - -68)?
-49
What is -35 + 101 + -48 + -59?
-41
What is 8 + -17 + 6 + (-5 - -2 - 37 - -2)?
-41
What is -107 - (-69 + (-96 - -82))?
-24
What is the value of 10 + (40 - 22) - -5?
33
1783 + -1783 + (-67 - (-1 - -1))
-67
What is the value of 9 + (-4 - 0) + -16 - (-12 + 28)?
-27
Calculate -41 + (-20 - -70) + (3 - 1).
11
What is 26 + 41 - (-78 - -39)?
106
What is 8 - (-8 + 6 + -17)?
27
1175 - 1120 - (2 - -42)
11
What is (42 - (20 + -17 + -3 + 16)) + (-1 - 0)?
25
What is the value of (-113 - 0 - 1) + (-588 + 312 - -279)?
-111
Calculate -74 + (29 - (-26 - -24)) - 6.
-49
Evaluate (152 - 65) + -32 - -55.
110
Evaluate -89 - (-208 + -37 + 154).
2
Evaluate -90 - (38 - 114 - -23).
-37
Evaluate 50 - ((-23 + 21 - -5) + -11).
58
What is the value of 28 + -42 - -30 - ((-1 - -6) + 63)?
-52
5 + -86 - (118 - 158)
-41
-1838 - -1895 - (0 - (-2 - -14))
69
Calculate (-60 - ((-6 - -16 - 9) + -3)) + (-2 - -4).
-56
What is -83 + -4 - (1242 + -1264)?
-65
Evaluate 12 + 7 + (105 - 148).
-24
What is the value of -105 - -125 - (-3 - (-14 - -4)) - -50?
63
2 + (4 - 2) + 2 + (10 - 62 - -49)
3
What is the value of -142 + 151 - (45 - (14 - 9))?
-31
Evaluate -13 + 96 + (599 - 577) + (-38 - -1).
68
What is -30 - (6 - 16) - (68 - 93) - (0 + -60)?
65
50 - (-31 + (-40 - -141))
-20
What is 2 + (-10 - (9 - 9)) + (23 - 6) + 4?
13
Calculate (0 - -30 - (112 + -110)) + -11.
17
Calculate -1 - 21 - (-22 - -19) - (-9 + 5 + 4).
-19
What is (-4 - -8) + -2 + (10 - 1) - (933 + -1000)?
78
What is 16 + (1 - 39) + -69 + 78?
-13
What is the value of -18 - (5 - (-31 + -5 + 24))?
-35
4 + ((-3 - 6 - -16) + -17 - -6) + -11
-11
Evaluate -44 - (-13 - 182) - 81.
70
What is the value of 44 + -22 + -16 + -54?
-48
Evaluate -2 - (-1 + 0) - (158 + -173) - (0 + -4).
18
What is the value of -34 - (-56 + (83 - 39)) - 103?
-125
Calculate -1 - -51 - (19 + -48 - -39) - (-2 - -10).
32
102 - 73 - (-26 - (-8 - -1))
48
What is (0 - 58) + -2 + 4656 + -4634?
-38
(15 + (-101 + 11 - -9) - -13) + 0 + 1
-52
(16 - (78 - -30)) + 60
-32
Calculate (-18 - -1) + -14 - ((16 - 10) + 4).
-41
Evaluate -88 - (13 + 7 - (31 + 15)).
-62
What is the value of -1013 - -869 - (-2 + (-8 - 8))?
-126
What is the value of (-1 - -3) + 0 - (-58 - (-59 - -31))?
32
What is the value of -7 - -4 - -35 - (-11 + 17 + 1 - 8)?
33
Calculate -3 + (56 - 4) - (-1261 + 1266).
44
Calculate (112 + 0 - 2) + (-5712 - -5674).
72
What is -1 + 0 + 0 + -310 + 325 + 4?
18
What is the value of -1 - (-9 + 58) - ((-1 - 3) + (-1 - -1))?
-46
Evaluate -21 + -2 - (-424 + 419) - -15.
-3
What is the value of (-1 - 1 - -5) + -4 + (128 - 99)?
28
Calculate (-1343 - -1363) + -2 + (0 - -6) + 1.
25
Evaluate 3 + 120 + 321 + -520.
-76
Evaluate -36 - (-20 + 25 + 7) - -12.
-36
(-22 - (-52 - 12)) + -61
-19
-1 - (-67 - -75 - ((-7 - -9) + -24))
-31
What is the value of 559 + -516 - (32 + 1) - 83?
-73
Evaluate -6 + 8 + 50 + (-6 + 1 - -18) + -4.
61
12 - 0 - (-14 - (28 + -12 + (-36 - 1)))
5
What is the value of (-14 + -3 - 19) + (2 - (4 + -2) - -10)?
-26
What is the value of -58 - -23 - (-124 - -82)?
7
Evaluate -60 + 18 + 2 + 21 + -31.
-50
What is (-218 - -205) + (3 + -4 + 0 - -92 - 1)?
77
Calculate -14 + (3 + 16 + -11 - (7 - 4)).
-9
What is the value of (-96 - (92 + -90)) + 75?
-23
Calculate -9 - ((-21 - -2) + -19 + 39) - 38.
-48
Evaluate -19 + (2 - 0 - -13) + 1526 + -1513.
9
Evaluate 0 - (-39 + 35) - -53.
57
Evaluate 2 + -1 + (6 - (3 - (-10 + 13) - -5)).
2
Evaluate 24 + -29 + (5 - -6) + 0 + -59.
-53
113 + -232 + -5 + (9 - -6) + -30
-139
Calculate (-23 - -1 - (684 + -719)) + 3.
16
Calculate -10 - 49 - (54 + -108).
-5
Calculate 12 + -22 + -26 + 21 + 84.
69
8 - (63 + (-10 - 27) + 13)
-31
What is the value of (39 - (-55 - -66)) + -6?
22
What is -105 + 90 + (-27 - -69)?
27
What is -122 - (-3 - -3 - (207 - 173))?
-88
Evaluate (-19 - (-117 + 82)) + -8 + 1.
9
Calculate 62 - 68 - (0 + 7 - (18 + -19)).
-14
Evaluate 51 + (4 + (4 - -24) - -61).
144
What is the value of (24 - 2) + -37 + -50 + 16?
-49
Evaluate 5 + -19 - (0 - (16 - (9 + 0))) - 10.
-17
What is -8 + (15 - -3 - (8 - -2)) + -51?
-51
Calculate (1 - -10) + -8 + (0 - 1) + -1 - 0.
1
What is (0 + 13 + -2 - (16 + -5) - -26) + -5?
21
38752 - 38783 - ((-1 - 17) + -1)
-12
What is the value of 1003 + -989 - (21 - 1)?
-6
2 - 3 - ((18 - 26) + -9 - -21) - -129
124
Calculate (-19 - ((21 - 16) + -10 + 21)) + 9.
-26
What is the value of 10 + (-8 - 4) + 9 - (44 - 13)?
-24
What is -92 + (26 - 34 - -57)?
-43
Evaluate -11 - ((35 - 59) + (2 - -6)).
5
Evaluate (41 - (3 + -1)) + -452 + 445.
32
Evaluate 2 - 20 - ((-1 - 9) + (686 - 675)).
-19
What is the value of ((7 - -3) + -4 - 57) + (-15 + -4 - -7)?
-63
What is the value of (-25 - 54 - 16) + -2 + 8 + (1 - -1)?
-87
What is the value of -4870 - -4802 - (2 + -120)?
50
What is 260 + -785 + 522 + (-1 - (95 + -1 + 1))?
-99
Calculate 191 - 90 - 130 - (-2 - 42).
15
What is (-35 - -7) + (6 - (-10 - -12) - (-1 + -3))?
-20
Evaluate 41 - 33 - (5 + -8 + 1 - 3 - 48).
61
-38 - (-18 + 49) - -21
-48
What is the value of (-7266 - -7260) + (0 - 78)?
-84
What is the value of -10 + (-4 + 4 - 23) + 14 + -5?
-24
What is the value of 10 + (1 - (0 + 0 + 2)) + -16 + 43?
36
Calculate (-27 - -3) + (21 - (26 - 9)).
-20
Calculate 50 - (-54 - -36 - (-6 + 16)).
78
Evaluate (4594 - 4595) + (8 + -4 + -3 - 96).
-96
What is the value of -20 + 0 - ((-12 - -26) + -46)?
12
What is 21 - (-12 + 37 - 11)?
7
Calculate (82 - 67) + 8 + (4 - (10 + -7)).
24
Evaluate (-11 - (5 + -17 - 5)) + -8 - 11.
-13
Calculate (17 - 0) + (-632 - -586).
-29
What is -81 + (-22 - -80) + -30?
-53
-19 + 11 + 21 + -48 - -83
48
Calculate 57 + -65 - (35 + -2).
-41
What is the value of 27 + (-26 - -2) + -9 + 73 + 0 + 1?
68
Calculate (58 + 9 - 170) + 64.
-39
What is the value of (16 - 34) + 10 - -5?
-3
What is the value of 59 + -24 - 70 - -69?
34
Calculate -7 + (11 + -13 - -8) + -10 + (-55 - -9).
-57
Calculate (-55 - (10 + -61)) + -1 + -6 + 65.
54
What is -11 + 7 + 3 + (-20 - -40)?
19
Evaluate (5 - 17 - (0 - 12)) + -17 + 15.
-2
What is the value of 107 + 13 + (15 + 3 - 2 - (-98 - -113))?
121
(-26 - -16) + -20 + 33 - 30
-27
What is 5 + 2 - ((17 - 80) + (6 - 7) + -6)?
77
What is the value of -1350 + 1391 - (-3 + 3)?
41
Calculate 1 - (-2 + -1) - (-72 + -106 + 171).
11
What is 26 - -31 - (29 + 87)?
-59
What is 10 - ((15 - (3 - 1)) + 13 + -33 + 14)?
3
What is (3 + 1 - 30) + (10 - 29)?
-45
Calculate 32 + -1 - (-2684 + 2639).
76
Evaluate 42 + (1 - (-17 + 8)) - 23.
29
Evaluate (78 - 28 - 41) + 34 + 5.
48
Calculate -21 - (25 + (37 - (-8 + 9))).
-82
13 + -6 + -2 + 97
102
-40 + (-36 - (49 + -87))
-38
Calculate 19 + -6 + 13 + -14 + 3 + -4 + 9.
20
(31 - 9 - -15) + 4 + (3 - 18)
26
(-2 - -1) + 2 + -8 - (-34 - -155 - 84)
-44
-17 + 6 + 0 + -4 + 5 + 14
4
What is the value of 14 - 6 - -4 - 3 - (1 - 7) - 1?
14
Calculate 136 - 69 - 77 - ((23 - 1) + (4 - 4)).
-32
What is the value of (9 - 123) + (-119 - -193)?
-40
(14 - 23) + -3 + -13 + 49 - -27
51
Evaluate (-1 - 3) + (-3 + 2 + -57 - (7001 + -7012)).
-51
What is the value of -7 + 1 + 3 - (-26 - (40 - 18))?
45
Calculate 839 - 844 - (-26 + 1).
20
Calculate (-56 - (27 + -49) - -35) + (1 - -1 - 97).
-94
Calculate (-4 + 25 + -20 + 2 - 6) + 1 + 1.
-1
Calculate 40 + -5 - (-8 + -15 + 4 + 6 + 9).
39
-28 + -1 + -27 - -5 - (-6 - -5)
-50
Evaluate (-1 - -136) + 1261 + -1284 + 2.
114
Calculate -20 + (143 - 95 - (26 + -2)).
4
157 + 0 + -6234 + 6150
73
Evaluate (8 - (-11 + (7 - -24))) + 41 - -13.
42
Evaluate 87 + (-28 + 39 - (4 - 0)).
94
What is the value of -44 + 17 + -2 + -5 - (5 + 9 + -7)?
-41
Evaluate 35 - (-15 + (44 - 52 - (-17 + 6 + -4))).
43
Calculate -2 + -12 + (-129 + 132 - (-1 - 58)).
48
What is 13 + 1 + -1 - (-4 - (-41 + 44))?
20
What is (38 - ((101 - -1) + -37)) + 118?
91
What is the value of -597 + 636 + (3 - 51) - 19?
-28
14 - (72 + 15 + -121 + (8 - 0))
40
What is (33 - 3) + 857 + -870?
17
Calculate 36 + -1 + -189 + 128.
-26
What is -10 + 28 + -1 - (47 - -5)?
-35
Evaluate 32 - 41 - (-11 - -7) - (40 - (-1 + -1)).
-47
What is -62 + (-215 - -161) + -2?
-118
Evaluate 10 + (-103 -